, 29
Let z = -58 - -87. List the prime factors of z.
29
Let v = -16 - -135. List the prime factors of v.
7, 17
Let z(q) be the first derivative of q**3/3 - 7*q**2/2 + 8*q + 1. What are the prime factors of z(7)?
2
Let n be (-1)/3 + (-38)/(-6). List the prime factors of (-98)/21*n/(-4).
7
Let i(b) = -9*b**3 - 2*b**2 - 5*b - 1. List the prime factors of i(-2).
73
Suppose b + 18 = 4*h, 0 = -0*h + 4*h - 12. Let m(v) = -v**2 - 7*v + 5. Let l be m(b). Let c = 25 - l. List the prime factors of c.
2, 7
Suppose -f - 114 = -j, j - 6*j + 4*f = -566. What are the prime factors of j?
2, 5, 11
Let k(l) = -l**2 + 8*l - 5. Let t(z) = -z**2 + 4*z - 2. Let j(b) = 3*k(b) - 5*t(b). Let g = 5 + -9. What are the prime factors of j(g)?
11
Let o(x) be the third derivative of -x**4/24 + 5*x**3/3 + 5*x**2. List the prime factors of o(6).
2
List the prime factors of (-1)/1*(-6 - 2).
2
Suppose -4*w - 5 = -13. What are the prime factors of -5 + w - -24 - 2?
19
Let h be (-1 - -4 - 0) + 0. Let s be (-1 + -19)*(-4)/8. Suppose 4*y + s = -2*u, -4*y - 31 = -8*u + h*u. What are the prime factors of u?
3
Let j = -59 + 91. What are the prime factors of j?
2
Let x = -7 - -2. Let y = -4 - x. What are the prime factors of y*39*(-1)/(-3)?
13
Let o be (-1421)/(-35) - (-6)/(-10). Let f = 63 - o. List the prime factors of f.
23
Suppose 6 = -4*r + 18. Suppose r*x = x - 4. List the prime factors of 2/(-4) + (-5)/x.
2
Suppose l = -2*l + 120. What are the prime factors of l?
2, 5
Let b be (-39)/33 - 12/(-66). Let m(f) = -24*f + 2. List the prime factors of m(b).
2, 13
List the prime factors of (-5 - 415)/(-6)*5.
2, 5, 7
Suppose -44 + 212 = 4*p. Suppose 0 = 2*y - 16 - p. What are the prime factors of y?
29
Let a(p) = -p**3 - 3*p**2 - 2*p. Let l be a(-3). Let s = l - -1. Let u(j) = 3*j - 8. What are the prime factors of u(s)?
13
Let t be 2/(-3) - 50/6. List the prime factors of (-2)/t - 744/(-54).
2, 7
Let v(h) = 4*h**3 + 13*h + 9. Let l(z) = -z**3 - z**2 - z - 1. Let i(q) = -5*l(q) - v(q). What are the prime factors of i(-5)?
2, 3
Suppose -a + 7*j - 1 = 4*j, -2*a + 1 = -3*j. Suppose a*l - 11 = 27. Suppose -s - x = -5*x - l, -3*s + 43 = -5*x. List the prime factors of s.
11
Let g be (-27)/(-18) - (-2)/4. Suppose 2*q + g*u - 98 = 0, -281 = -5*q + 5*u - u. List the prime factors of q.
53
Let u = 2 - 2. Let h be u/3 + 0 + 1. What are the prime factors of (22/8)/(h/4)?
11
Suppose 12*s - 14*s + 480 = 0. List the prime factors of s.
2, 3, 5
List the prime factors of (-58)/(-6) - 1/(-3).
2, 5
Let f = 11 - 6. Suppose d - 62 = -2*u, u + f = 3*d + 43. List the prime factors of u.
2
Suppose -9 = 2*n - 3*g, -5*n = -5*g + 5 + 15. Let v(z) = z**2 + 7*z. Let m be v(n). Let u = m + 25. What are the prime factors of u?
13
Suppose 5*o + 61 = -34. Let p = -13 - o. What are the prime factors of p?
2, 3
Let i(v) = 5*v + 3. Let q be i(-2). Let t be 2/(-2)*q*1. Let r(f) = 3*f - 9. What are the prime factors of r(t)?
2, 3
Let i(j) = -j**2 - 1 + 2 + 4*j + 1. Let c = -5 + 9. List the prime factors of i(c).
2
Let m = 7 + -5. Suppose -p - m*q = -6, 4*p + 16 = -3*q + 60. List the prime factors of p.
2, 7
Suppose -4*z - 4*k + 23 + 65 = 0, 120 = 5*z + 3*k. List the prime factors of z.
3
Suppose 2*s + 5*i + 14 = 0, s - 4*i = -6*i - 5. What are the prime factors of s?
3
Suppose 0 = -3*q - 5*c + 134, 0 = 3*q + q + 4*c - 176. What are the prime factors of q?
43
Suppose 2*v = 6*v + 76. What are the prime factors of ((-2)/(-1) - 3)*v?
19
Let i be (89/(-2))/(4/(-8)). Suppose -5*g - a + 48 = -i, g + 5*a = 13. List the prime factors of g.
2, 7
Let w(t) = t**3 - 7*t**2 + 6*t + 13. List the prime factors of w(6).
13
Suppose 0 = 5*u + m - 5*m - 23, 17 = 5*u - m. Suppose -2*y + v - u*v = -88, -y - 2*v + 47 = 0. Suppose y = 3*d - 19. What are the prime factors of d?
2, 5
Let m(n) = -n**2 + 9*n - 5. Suppose y - 2 = 2*l, 0*l = -2*y + 2*l + 2. Suppose -1 = 2*s + o - 14, y = 3*o + 3. List the prime factors of m(s).
3
Suppose 0 = -2*g + 64 + 6. Let s = g + -12. List the prime factors of s.
23
Suppose -s - 1 = -3*t - 0*t, 3*t + 5 = -5*s. Let g be (1 + t)*(2 - 2). Suppose 4 = -2*r + 3*r - 2*z, 3*r - 4*z - 20 = g. List the prime factors of r.
2, 3
Suppose 9*y - 696 = 6*y. What are the prime factors of y?
2, 29
Suppose 73 = 5*j - 12. Let c = j + -10. Suppose 29 = 2*d + c. List the prime factors of d.
11
Let u = 4 + -1. Let k(t) be the third derivative of t**4/24 - t**3/6 + 2*t**2. List the prime factors of k(u).
2
Let y(l) = l**3 + 4*l**2 - 3*l + 1. Let f be (-1)/(-3) + (-30)/9. Let o be y(f). Let k = o - 13. What are the prime factors of k?
2, 3
Let m(c) = c - 3. Let l be m(3). Suppose l = -2*x + 3*n + 12, 5*x - 5*n - 16 = 4. Let r = 6 - x. List the prime factors of r.
2, 3
Let i be 84/15 + (-2)/(-5). List the prime factors of i/9*(-42)/(-4).
7
Suppose 2*g - 24 = -4*p, p - 4*g - 6 = -3*g. Let n = -4 + 18. Let o = p + n. List the prime factors of o.
2, 5
Let l(r) be the second derivative of -r**5/20 - r**4/12 - r**3/6 - 19*r**2 + 2*r. Let w be l(0). List the prime factors of w/(-3) - 2/3.
2, 3
Suppose -3*k = 3*u + k + 8, 0 = -2*u - 3*k - 6. What are the prime factors of u - (-6 - (0 + 1))?
7
List the prime factors of ((44*-1)/1)/(-1).
2, 11
What are the prime factors of (136/17)/(4/34)?
2, 17
Let w = -26 + 97. What are the prime factors of w?
71
Suppose -2*y = -3*p - 4 + 17, -2*p = -3*y - 17. Let u(s) = 24*s**2 - 1. List the prime factors of u(p).
23
Let f(k) = k**3 - 12*k**2 - 13*k + 9. Suppose -8 = 2*n - 34. List the prime factors of f(n).
3
List the prime factors of -6*(-199)/(-2)*2/(-6).
199
Suppose 5*m = c + 99, 2*m = -c + 4*c + 50. List the prime factors of m.
19
Let p(t) = t**3 - 5*t**2 - 8*t - 8. Let c be p(7). Suppose 2*z - c = 2. What are the prime factors of z?
2, 3
Let z be (2/4)/((-1)/2). Let p = z - -3. What are the prime factors of (2/p)/(3/21)?
7
Suppose 0 = -26*y + 31*y - 1440. What are the prime factors of y?
2, 3
Let r(f) = 9*f + 10. Let c(w) = -10*w - 11. Let x(o) = -6*c(o) - 7*r(o). Let q be x(-4). Let z(l) = l**3 - 7*l**2 - 7*l + 5. List the prime factors of z(q).
13
Let v(y) = 2*y + 14. Let b(q) = q + 5. Let l be b(6). What are the prime factors of v(l)?
2, 3
Let b be (-1)/(-3) - 6/18. Suppose 5*f - 5 - 5 = b. What are the prime factors of f?
2
Suppose -d = -4, 3*d = 4*l + l - 13. Let a be 1*l + -5 + 3. Suppose 5*p + 55 = 5*x - 0*p, a*p = 0. What are the prime factors of x?
11
What are the prime factors of ((-3)/6)/((-1)/98)?
7
Suppose -6 = 4*z + 6. Let p be -20*z*4/(-6). Let k = p - -56. What are the prime factors of k?
2
Let a be (4 - 2) + 2 + 22. Let o = 17 - a. Let h(d) = -d**2 - 10*d - 5. List the prime factors of h(o).
2
Let y(b) = b**2 + b + 4. Let x be y(-3). Let l = x + -5. List the prime factors of l.
5
Suppose 8*y - 4*y = -12. List the prime factors of (-1)/y + (-106)/(-6).
2, 3
Let d(v) = 14*v**3 - 1. Let p be d(1). Suppose 3*z = -4*m + p, -4*m + 33 - 97 = -4*z. What are the prime factors of z?
11
Let m be (-3)/2*(-32)/6. Suppose 4*t - m = 2*t. List the prime factors of t.
2
Let p = -6 + -9. Let x = 0 - p. List the prime factors of x.
3, 5
Let w(q) = -q**2 - 6*q + 9. Let n(x) = x**2 + 6*x - 8. Let b(p) = -6*n(p) - 5*w(p). Suppose 0 = -3*o - 8 - 7. What are the prime factors of b(o)?
2
Suppose a - 12 = -j - 0*a, -4*a = -4*j + 80. List the prime factors of j.
2
What are the prime factors of 12/((-26)/16 + 2)?
2
Suppose w - 6 = -2*x + 38, 0 = w - 5*x - 44. Let h = 29 - w. List the prime factors of 3/h - 172/(-10).
17
Let q be ((-88)/16)/((-2)/4). Suppose 0 = 15*h - q*h - 76. List the prime factors of h.
19
Suppose -5*i = g - 5*g + 2, 0 = -2*g - 3*i - 10. Let v = 9 + g. List the prime factors of v.
7
Let l(w) = -w**2 + 15*w - 8. Let p be l(11). Let f = -18 + p. List the prime factors of f.
2, 3
Suppose -5*n + 37 = -63. List the prime factors of n.
2, 5
Suppose 0 = -9*z - 178 + 547. List the prime factors of z.
41
Let i be (-6)/9*-3 - 5. Let c(q) = q**2 + 3*q + 4. Let y be c(i). Suppose -y*g + 5*s = -3, -3*g + 2*g - 2*s + 4 = 0. What are the prime factors of g?
2
Let b(x) = x**3 + 5*x**2 + 7. Let t be ((-2)/(-2))/((-1)/5). List the prime factors of b(t).
7
Suppose 1090 = 3*g - c, -3*c = 3*g - 7*c - 1084. What are the prime factors of g?
2, 7, 13
Let j be -1 + 5 + (-11 - -9). Suppose -43 = -j*i - 3*n, -5*i = -6*n